-3)?
172
Let f(o) = -682*o**2 - 1008*o + 1009. Determine f(1).
-681
Let t(p) = p**3 - 7*p**2 - 1903*p - 894. Calculate t(-40).
26
Let y(h) = -1064*h**2 - 26593*h + 173. Determine y(-25).
-2
Let w(s) = 38980*s - 1520208. What is w(39)?
12
Let k(p) = -p**3 - 15*p**2 + 63*p + 108. Determine k(4).
56
Let p(h) = h**2 - 14245*h - 313878. Give p(-22).
-4
Let l(j) = 62*j**3 + j**2 - 222*j + 222. Calculate l(1).
63
Let m(p) = p**2 + 8623*p - 44. Give m(0).
-44
Let a(n) = 45*n**3 - 11069*n**2 - 242*n - 558. Calculate a(246).
426
Let b(f) = 24*f - 3426. Calculate b(142).
-18
Let k(u) = -u**2 - 842*u - 28839. Calculate k(-36).
177
Let n(b) = -642709*b + 1285384. Determine n(2).
-34
Let o(l) = 2*l**2 + 805*l + 28629. Give o(-360).
-1971
Let l(n) = n**2 - 1100914*n + 20917008. What is l(19)?
3
Let t(n) = 3395*n - 519402. Calculate t(153).
33
Let q(a) = 13864*a + 790253. Calculate q(-57).
5
Let s(p) = -2*p**3 - 203*p**2 - 269*p + 3124. Determine s(-100).
24
Let t(b) = 20*b**2 + 62*b - 1051. Calculate t(6).
41
Let c(d) = d**3 + 1439*d**2 + 49101*d - 1444. Calculate c(-35).
-79
Let g(o) = -40*o**3 + 964*o**2 - 120*o + 585. Determine g(24).
9
Let c(j) = 3*j**3 + 22*j**2 - 958*j - 3944. Calculate c(-4).
48
Let o(r) = 17*r**3 + 1765*r**2 - 316*r - 434. What is o(-104)?
-18
Let i(f) = -119*f**2 + 1502*f + 542. Calculate i(13).
-43
Let q(l) = -7829*l + 70530. What is q(9)?
69
Let j(c) = 732*c + 9812. Give j(-12).
1028
Let z(w) = 100*w + 1626. Give z(-15).
126
Let m(d) = -d**3 + 117*d**2 - 1457*d + 210. Give m(14).
0
Let f(t) = -1183*t**2 - 10513*t + 1188. Calculate f(-9).
-18
Let q(f) = -f**3 - 280*f**2 - 4336*f - 8. Give q(-16).
1784
Let w(o) = -588*o**2 - 12350*o - 70. Determine w(-21).
-28
Let t(d) = -375*d**2 - 22502*d - 22. Give t(-60).
98
Let q(d) = d**3 - 16*d**2 + 12*d - 81. Calculate q(5).
-296
Let t(v) = -v**3 - 12*v**2 + 2*v - 36. Calculate t(-9).
-297
Let u(w) = -10*w**3 + 12*w**2 - 15*w - 8. What is u(2)?
-70
Let n(h) = h**3 - 9*h**2 + 3915*h - 31278. Determine n(8).
-22
Let t(x) = -2*x**3 + 151*x**2 + 313*x - 29116. What is t(75)?
-16
Let a(b) = 628*b + 8872. Calculate a(-14).
80
Let r(g) = -124124*g - 1365337. What is r(-11)?
27
Let y(z) = 325*z + 19183. Calculate y(-59).
8
Let s(y) = 2*y**3 - 337*y**2 + 91*y + 12882. Calculate s(168).
-54
Let x(h) = h**2 + 27900*h + 1142220. Determine x(-41).
1
Let k(b) = 1237303*b - 14847632. Determine k(12).
4
Let q(m) = -2*m**3 + 88*m**2 - 86*m - 162. Give q(43).
-162
Let v(n) = n**3 + 70*n**2 - 5284*n - 12550. Determine v(-115).
-15
Let m(w) = -11*w**3 + 127*w**2 - 39*w + 40. Calculate m(12).
-1148
Let x(j) = 27*j**2 - 680*j + 260. What is x(25)?
135
Let w(q) = 45214*q + 407133. What is w(-9)?
207
Let h(b) = 10*b**2 + 295*b - 2750. What is h(-37)?
25
Let q(k) = -k**3 + 356*k**2 + 3396*k - 40539. Calculate q(365).
-24
Let n(b) = 10448*b + 7386744. Give n(-707).
8
Let k(t) = 2*t**3 + 225*t**2 - 26592*t - 2992117. Determine k(-113).
10
Let k(m) = -7*m**2 + 1332*m + 17441. What is k(-13)?
-1058
Let n(m) = 620*m + 30381. Calculate n(-49).
1
Let t(h) = 27*h**2 - 3784*h + 34130. Give t(9).
2261
Let n(p) = -56961*p - 170884. What is n(-3)?
-1
Let w(b) = 5*b**3 + 2792*b**2 + 3906*b + 3892. Give w(-557).
-7
Let d(n) = 20*n**2 + 31*n - 108. Give d(2).
34
Let t(b) = 33579*b - 906586. Determine t(27).
47
Let b(g) = -4*g**3 - 473*g**2 + 372*g + 57825. Calculate b(-118).
5
Let c(r) = -36*r**2 + 328*r + 2059. Determine c(-4).
171
Let n(i) = -18971*i - 1157263. Determine n(-61).
-32
Let a(o) = -3*o**3 + 1076*o**2 - 228*o + 210759. Give a(359).
26
Let c(t) = -t**3 - 27*t**2 + 53*t + 2965. Determine c(-24).
-35
Let r(x) = -7481*x - 284279. What is r(-38)?
-1
Let m(k) = k**2 - 1613*k + 17674. What is m(11)?
52
Let b(z) = 5*z**2 - 281*z + 747. Give b(54).
153
Let p(l) = 48*l**2 - 6021*l - 3401. What is p(126)?
1
Let h(g) = 530*g**2 - 436204*g + 11537. Give h(823).
15
Let d(c) = -3*c**3 - 40*c**2 + 1240*c + 16971. What is d(-14)?
3
Let o(n) = 3*n**2 - 214896*n + 429792. Give o(2).
12
Let n(c) = -c**3 - 127*c**2 - 2386*c - 98. Determine n(-22).
1574
Let m(d) = 216*d**2 - 2989*d + 29. What is m(14)?
519
Let t(s) = 18366*s + 5. What is t(0)?
5
Let o(r) = -15*r**2 - 56*r + 432. Calculate o(9).
-1287
Let c(u) = -u**2 + 1363*u - 6787. What is c(5)?
3
Let m(j) = -5497*j - 27500. What is m(-5)?
-15
Let p(b) = -10210*b + 132723. Calculate p(13).
-7
Let v(g) = -g**2 + 10199*g + 3074097. Determine v(-293).
-59
Let i(y) = 285*y + 14714. Give i(-67).
-4381
Let y(c) = 6*c**3 - 15*c**2 - 203*c + 1248. Determine y(5).
608
Let j(b) = -992*b + 435715. Determine j(440).
-765
Let h(g) = -8*g**2 - 152*g + 2316. Calculate h(10).
-4
Let p(m) = 5*m**2 - 169*m - 283. Determine p(0).
-283
Let l(f) = -273*f + 32801. Give l(119).
314
Let f(p) = 1264*p + 3695. What is f(-3)?
-97
Let y(x) = -x**3 - 632*x**2 + 20493*x - 39779. What is y(-663)?
1
Let v(g) = -5*g**3 + 123*g**2 + 342*g - 467. Calculate v(27).
19
Let j(m) = 1462*m + 23609. Calculate j(-16).
217
Let y(w) = -8*w**2 - 3825*w + 30926. Determine y(8).
-186
Let j(t) = t**3 - 28*t**2 - 26*t - 284. What is j(29)?
-197
Let w(c) = c**3 - 309*c**2 + 23722*c + 2282. What is w(143)?
-6
Let k(t) = -16*t**2 - 810*t + 3491. Calculate k(4).
-5
Let g(n) = 18409*n + 75. Determine g(0).
75
Let s(k) = -k**2 - 1535*k - 131405. Give s(-91).
-1
Let q(v) = 11*v**3 + 7*v**2 - 96*v + 172. What is q(2)?
96
Let c(j) = 14*j**2 - 3269*j - 15074. What is c(238)?
-80
Let l(t) = -3*t**3 - 273*t**2 - 40*t - 3058. What is l(-91)?
582
Let n(y) = -10*y**2 - 6*y + 250. Determine n(7).
-282
Let l(z) = -43*z**2 + 1906*z - 636. Determine l(44).
-20
Let m(p) = 17*p**3 + 4*p**2 - 75*p + 204. Give m(3).
474
Let x(l) = -39582*l + 198352. Determine x(5).
442
Let d(t) = -468*t - 41958. Determine d(-91).
630
Let x(z) = -41288*z - 206434. Calculate x(-5).
6
Let t(m) = -2*m**3 + 52*m**2 + 38694*m + 77169. Calculate t(-2).
5
Let s(o) = o**2 - 285*o + 15928. What is s(72)?
592
Let v(i) = 2*i**2 + 45*i - 82423. Give v(-214).
-461
Let k(l) = -4*l**2 - 322*l + 9788. Calculate k(-104).
12
Let h(u) = -u**3 + 241*u**2 + 8116*u + 3829. Determine h(271).
35
Let w(r) = r**3 - 18*r**2 - 116*r + 1775. What is w(9)?
2
Let r(s) = -146*s - 113322. What is r(-776)?
-26
Let c(o) = 12*o + 1022. Calculate c(-46).
470
Let n(h) = 9816*h + 115689. What is n(-12)?
-2103
Let z(r) = 341*r**3 - 2*r**2 - r. Determine z(-1).
-342
Let x(c) = -26*c**2 + 223*c + 347. Calculate x(8).
467
Let z(p) = 65*p**2 + 739*p - 57. What is z(-11)?
-321
Let t(v) = -33*v**2 - 7967*v + 55931. What is t(7)?
-1455
Let k(f) = 1699*f + 299158. What is k(-176)?
134
Let t(g) = -3*g**2 - 88*g + 10101. Determine t(45).
66
Let g(x) = 288*x**3 + 33984*x**2 + 59*x + 6961. Give g(-118).
-1
Let z(p) = 3*p**3 - p**2 + 5*p + 1310. What is z(0)?
1310
Let w(n) = -21*n**2 + 557*n - 2067. Give w(20).
673
Let c(h) = 3*h**2 + 334*h + 6689. Calculate c(-85).
-26
Let v(y) = -1204*y + 455238. Give v(378).
126
Let r(s) = -679615*s - 4077667. Determine r(-6).
23
Let y(n) = -634*n - 18930. Calculate y(-29).
-544
Let t(v) = -621*v**3 + 4363*v**2 - 94*v - 135. What is t(7)?
-9
Let l(u) = -2*u**2 - 429*u - 8089. Give l(-18).
-1015
Let x(t) = -t**2 - 97*t + 953. Calculate x(9).
-1
Let z(d) = 398068*d - 8. Give z(0).
-8
Let h(k) = k**3 - 45*k**2 - 34*k + 1614. What is h(45)?
84
Let b(z) = 58*z**2 + 285*z + 335. Calculate b(-3).
2
Let a(d) = 16535*d + 93817. What is a(-6)?
-5393
Let r(j) = j**3 - 376*j**2 - 11747*j + 1525. Give r(405).
715
Let m(b) = 4239*b + 271301. What is m(-64)?
5
Let t(d) = -d**3 - 2*d**2 - 10938*d - 32816. Give t(-3).
7
Let q(n) = -2*n**3 + 134*n**2 + 950*n + 6366. Calculate q(74).
2
Let f(o) = -o**3 + 9*o**2 - 15*o - 15. Calculate f(8).
-71
Let m(v) = 11780*v**2 + 35333*v - 15. Determine m(-3).
6
Let u(a) = -7456*a - 104385. Calculate u(-14).
-1
Let o(u) = -3324*u + 182775. Calculate o(55).
-45
Let d(s) = -s**2 - 3010503*s + 33115648. Give d(11).
-6
Let h(c) = 7*c**3 - 2121*c**2 + 216*c - 65444. Determine h(303).
4
Let q(v) = -27*v**2 - 3155*v + 668. Calculate q(-117).
200
Let p(g) = -5717378*g + 28586888. Calculate p(5).
-2
Let p(j) = j**3 + 47*j**2 - 2700*j - 123492. Give p(-43).
4
Let k(z) = -z**3 + 7*z**2 + 516*z - 4469. Calculate k(9).
13
Let w(g) = -48132*g + 240783. Determine w(5).
123
Let p(b) 